102?
51
What is the greatest common factor of 96631 and 568?
71
What is the highest common factor of 8112 and 2328?
24
Calculate the greatest common factor of 115522 and 11392.
178
Calculate the greatest common divisor of 19994475 and 1725.
1725
Calculate the greatest common divisor of 240 and 18780.
60
Calculate the highest common factor of 1437989 and 7.
7
Calculate the greatest common divisor of 228727 and 254.
127
What is the greatest common divisor of 207270 and 14490?
630
Calculate the highest common factor of 1005 and 855.
15
What is the greatest common factor of 2305360 and 30?
10
Calculate the greatest common factor of 1088 and 152384.
64
What is the greatest common divisor of 1936 and 108053?
121
What is the highest common factor of 522375 and 398?
199
What is the greatest common divisor of 3945 and 735?
15
Calculate the highest common divisor of 7931 and 1441.
11
Calculate the greatest common factor of 3865094 and 37.
37
Calculate the highest common divisor of 540 and 166482.
54
Calculate the greatest common factor of 16752 and 192.
48
Calculate the highest common divisor of 33661 and 123.
41
What is the greatest common divisor of 20 and 233275?
5
Calculate the highest common divisor of 308 and 72212.
28
Calculate the highest common divisor of 808962 and 714.
714
Calculate the highest common factor of 896 and 104496.
112
Calculate the highest common factor of 237557 and 247.
19
Calculate the highest common factor of 362852 and 4.
4
Calculate the highest common divisor of 43338 and 16077.
699
Calculate the highest common factor of 24435 and 3375.
135
Calculate the highest common divisor of 87 and 672.
3
Calculate the greatest common divisor of 24 and 1408668.
12
Calculate the highest common divisor of 100 and 455450.
50
What is the highest common divisor of 781 and 80869?
71
What is the greatest common divisor of 7689 and 3135?
33
What is the greatest common factor of 4540 and 35?
5
What is the greatest common factor of 1888 and 112?
16
What is the highest common divisor of 10 and 63230?
10
Calculate the greatest common divisor of 4598 and 3872.
242
Calculate the highest common factor of 19188 and 156.
156
What is the greatest common divisor of 6135990 and 122?
122
What is the highest common factor of 558 and 414?
18
Calculate the greatest common factor of 20 and 1586310.
10
What is the greatest common divisor of 162 and 14502?
6
What is the greatest common factor of 104 and 168376?
104
Calculate the greatest common factor of 270 and 1137375.
135
Calculate the greatest common factor of 128 and 83432.
8
What is the greatest common factor of 50511 and 2373?
339
Calculate the greatest common factor of 45390 and 356.
178
Calculate the greatest common factor of 1254 and 10362.
66
Calculate the highest common factor of 2996 and 5671.
107
What is the highest common divisor of 779 and 5207?
41
What is the highest common factor of 31296 and 192?
192
Calculate the greatest common factor of 12 and 238332.
12
Calculate the highest common factor of 407 and 8228.
11
What is the greatest common factor of 1443 and 1912937?
481
What is the greatest common factor of 240285 and 1743?
249
What is the highest common factor of 586 and 115735?
293
What is the highest common factor of 130508 and 1896?
316
Calculate the highest common factor of 6206 and 1189.
29
What is the greatest common divisor of 2051435 and 287?
41
Calculate the greatest common divisor of 18660 and 96.
12
Calculate the greatest common factor of 17 and 46597.
17
Calculate the greatest common factor of 13 and 80353.
13
What is the greatest common factor of 634770 and 405?
135
What is the highest common divisor of 4634080 and 32?
32
Calculate the highest common factor of 58261 and 82.
41
What is the highest common divisor of 259957 and 47?
47
Calculate the highest common factor of 400 and 18820.
20
What is the greatest common divisor of 168 and 84848?
8
What is the highest common divisor of 468 and 149994?
234
What is the highest common divisor of 6979 and 1316?
7
Calculate the greatest common factor of 625 and 13425.
25
What is the highest common divisor of 1 and 77999?
1
Calculate the highest common divisor of 1298 and 735317.
649
Calculate the greatest common divisor of 266 and 1288.
14
What is the highest common divisor of 150998 and 21836?
206
What is the greatest common divisor of 57088 and 6912?
256
Calculate the greatest common factor of 627 and 77.
11
What is the greatest common factor of 3000115 and 745?
745
What is the highest common factor of 1273767 and 261?
87
Calculate the highest common factor of 224686 and 28.
14
Calculate the highest common divisor of 16399 and 30659.
713
Calculate the highest common factor of 10540 and 2046.
62
Calculate the greatest common divisor of 594 and 23694.
66
What is the highest common factor of 1561059 and 612?
153
What is the highest common divisor of 559 and 3289?
13
What is the highest common divisor of 168625 and 15675?
475
What is the highest common factor of 14466 and 2259107?
2411
What is the highest common factor of 104 and 17394?
26
Calculate the highest common factor of 877216 and 948.
316
What is the greatest common factor of 9504 and 31788?
36
What is the greatest common divisor of 10366 and 876?
146
Calculate the greatest common factor of 6499 and 3104.
97
Calculate the highest common divisor of 14099 and 37393.
613
Calculate the greatest common divisor of 974 and 2910312.
974
Calculate the greatest common factor of 68 and 6073352.
68
What is the greatest common divisor of 3003 and 155883?
273
What is the highest common divisor of 1572 and 600?
12
What is the greatest common factor of 2009412 and 36?
36
Calculate the greatest common divisor of 16168 and 246280.
376
Calculate the highest common divisor of 128 and 576896.
128
What is the highest common divisor of 850 and 290?
10
What is the highest common factor of 450 and 11100?
150
What is the greatest common divisor of 86008 and 2392?
104
What is the greatest common factor of 1143152 and 1258?
74
Calculate the greatest common divisor of 106 and 50615.
53
What is the greatest common divisor of 275 and 108550?
25
What is the highest common factor of 372784 and 1472?
368
Calculate the greatest common factor of 152477 and 481.
481
What is the greatest common divisor of 756 and 8344?
28
What is the highest common divisor of 880023 and 114?
57
What is the highest common divisor of 76327 and 508?
127
Calculate the highest common divisor of 2922 and 3606.
6
What is the highest common divisor of 47007 and 54?
27
What is the highest common divisor of 182 and 210665?
91
Calculate the highest common factor of 1067 and 7728281.
1067
What is the greatest common divisor of 11656 and 73594?
62
Calculate the greatest common factor of 92541 and 4251.
327
What is the greatest common divisor of 304528 and 1344?
112
Calculate the greatest common divisor of 30822 and 66.
66
What is the greatest common factor of 10672 and 80?
16
Calculate the greatest common factor of 2379 and 867.
3
Calculate the greatest common divisor of 57699 and 135.
27
Calculate the greatest common factor of 156 and 70404.
12
What is the greatest common factor of 80 and 17320?
40
Calculate the highest common divisor of 1 and 34018.
1
Calculate the greatest common factor of 53 and 54325.
53
What is the greatest common divisor of 633190 and 460?
230
Calculate the highest common divisor of 336 and 3408.
48
Calculate the greatest common factor of 1273779 and 208.
13
Calculate the highest common divisor of 104509 and 41.
41
Calculate the highest common factor of 545 and 2012249.
109
What is the highest common factor of 356136 and 96?
24
Calculate the greatest common factor of 502 and 1375982.
502
Calculate the greatest common divisor of 15856 and 68.
4
What is the highest common factor of 1367785 and 1015?
145
Calculate the greatest common factor of 468 and 26748.
36
What is the highest common divisor of 84012 and 888?
12
What is the greatest common divisor of 1947 and 2189077?
649
Calculate the greatest common divisor of 90 and 27520.
10
What is the highest common divisor of 1648 and 976?
16
What is the greatest common factor of 134865 and 555?
555
What is the highest common divisor of 340 and 298112?
68
What is the highest comm